2
Let b(f) = f**2 - f. Suppose 2 = 4*m - 10. What is b(m)?
6
Let i(o) = 36*o**3 - 24*o**3 - 17*o**3 + 1 - 11*o**2 - 5*o. Let l(f) = 4*f**3 + 10*f**2 + 4*f - 2. Let n(x) = -5*i(x) - 6*l(x). Determine n(5).
12
Let c(n) = 5*n**2 + 4*n**3 + 23 - 19 + 4*n - 5*n**3. Determine c(6).
-8
Let t(c) = -c + 2. Let j = 37 + -13. Let f = j - 6. Let u be 141/27 - 4/f. Determine t(u).
-3
Let h be ((-4)/(-6))/((-2)/(-12)). Let r = 7 - h. Let x(u) = 2*u**2 - u + 4*u - 3*u**2 + 3. What is x(r)?
3
Let u(j) = 2*j - 1. Suppose -2*t + 0 + 4 = 0. Let l be 8*(1 + (-1)/t). Calculate u(l).
7
Let c(w) = -27*w + 13*w + 11*w - 9. What is c(-4)?
3
Suppose 4 = 6*z - 5*z. Let v(j) = -j - 1. Let s(n) = n**2 - 8*n - 1. Let m(d) = s(d) - 5*v(d). Determine m(z).
8
Let b(o) = 4*o - 3*o + 0*o - 8 + 3. Give b(8).
3
Let h(f) = -2*f**2 + 11*f + 6. Let w(d) = -3*d**2 + 16*d + 9. Let j(z) = 7*h(z) - 5*w(z). Let x = -5 - -9. Calculate j(x).
1
Suppose 0 = -2*o - c, -3*o - o + 2 = c. Let b(t) = 7*t**2 + 7*t + 6. Let n(a) = -8*a**2 - 6*a - 5. Let f(v) = -6*b(v) - 7*n(v). Give f(o).
13
Suppose 4*q + 4 = 3*n - 4*n, 2*q + 16 = 3*n. Let y(c) = 2 - 4*c**2 + 19*c**3 - 1 - 18*c**3. Give y(n).
1
Let s(t) be the first derivative of -5*t**2 - 2*t - 4. Let x(p) = p + 1. Let j(h) = s(h) + 8*x(h). Give j(4).
-2
Let l(h) be the second derivative of 5*h**4/12 - h**3/6 - h**2/2 - 2*h. Let m = -7 - -6. Give l(m).
5
Let l(u) be the second derivative of 0 - u + 1/3*u**4 + 3*u**2 - 1/2*u**3 + 1/20*u**5. Suppose 3*y = 4*j - 19, -y + j + 3*j - 9 = 0. Determine l(y).
-4
Let d = -7 - -12. Suppose 3 - 13 = d*a. Let w(h) = -5*h - 1. What is w(a)?
9
Let u(y) be the third derivative of 1/12*y**4 + 0*y + 0 + 1/120*y**6 + 3*y**2 + 0*y**3 - 1/15*y**5. Calculate u(3).
-3
Let q(f) be the second derivative of 0*f**3 - 3*f + 0 + f**2 - 1/12*f**4. Let u = -7 + 5. Determine q(u).
-2
Suppose 40 + 35 = -5*y. Suppose j = b, 0*j + 5*j + 3*b - 32 = 0. Let o be (0 + j)*y/12. Let r(k) = -k**3 - 5*k**2 - 3. Calculate r(o).
-3
Let u(g) = -4*g + 3. Let x(t) be the second derivative of -t**3/2 + 2*t**2 + 4*t. Let p(b) = -4*u(b) + 5*x(b). Calculate p(-6).
2
Let c(z) = 12 - 7 - z**2 - 6 - 6*z - 3. What is c(-5)?
1
Let q be (0 - -2) + 1 + -3. Let c(v) = q*v + 4*v**3 - v + 2*v**3 - v**2. Suppose 3*i - 5 = 2*a + 3, -a + i = 3. What is c(a)?
-6
Let f(d) = -d**2 + 4*d + 3. Let p(r) = -r**3 - 5*r**2 - r. Let m(i) = 3*i + 1. Let z be m(-1). Let l be z - ((-2 - -4) + 1). Let v be p(l). What is f(v)?
-2
Let x(f) be the second derivative of f**2 + 7/6*f**3 - 1/3*f**4 - f + 0 - 1/20*f**5. Suppose 20*s - 9*s + 55 = 0. Give x(s).
-8
Let s be (-170)/51 - 2/3. Let z(x) = x**2 + 5*x + 3. Calculate z(s).
-1
Let u(v) be the third derivative of v**5/60 - v**3/2 - 2*v**2. Calculate u(3).
6
Let p(z) be the second derivative of -z**5/20 + z**4/3 - 2*z**2 - 2*z. Give p(4).
-4
Let j(f) = f**3 - 8*f**2 + 7*f + 5. Let p = -19 - -42. Let s = p + -16. Determine j(s).
5
Let h(b) = b**3 - 3*b**2 - 5*b + 2. Suppose -5*v + 3*v + 6 = 0. What is h(v)?
-13
Suppose -3*w = -3*c, 5*w - 16 = c - 4*c. Let y(h) be the second derivative of -1/12*h**4 + 0 - h - 1/2*h**w - 1/6*h**3. Calculate y(-2).
-3
Let h(z) = z**2 - 5*z - 3. Suppose -j = -3*j - 40. Let q be (-5)/j - 19/(-4). Give h(q).
-3
Let t(g) = g + 1. Let y = -3 + 4. Let q be y/3 - (-21)/(-9). Let b be (-2)/(-4)*0/q. What is t(b)?
1
Let a(x) be the second derivative of x**3 + x**2/2 - 5*x. Suppose -1 = 2*f + 3. Calculate a(f).
-11
Let c(g) = 2*g**2 - 2 - 5*g + 2*g**2 + g**3 + g**2. Give c(-6).
-8
Let f(l) = -4*l**2 + 6*l + 3. Let a(k) = -5*k**2 + 6*k + 3. Let w(b) = 3*a(b) - 4*f(b). What is w(6)?
-3
Let c be (-1)/6 + (-76)/(-24). Suppose 4*x + 0*d - 3*d = 8, -c*d - 4 = -2*x. Let m(n) = n**3 - n**2 + 4*n - 3. What is m(x)?
9
Let j(i) = -6 + i - 4*i + 5. What is j(-1)?
2
Let b(m) be the second derivative of m**7/840 + m**6/120 + m**5/40 + m**4/6 - 5*m**3/6 + m. Let s(p) be the second derivative of b(p). Determine s(-3).
-5
Let i(l) = -2 + 1 + 0 + 5*l + l**2. Suppose 3*k - 16 + 7 = 0. Suppose m + k = -2. Calculate i(m).
-1
Let i(b) = b + 3. Let v be i(0). Suppose -m + 20 = o + v*m, 4*o - 5*m + 4 = 0. Let s(r) = -1 + r**2 + 0*r**2 + o*r - 4. Give s(-4).
-5
Let y(x) be the first derivative of x**4/4 - 4*x**3/3 - 3*x**2 - 2*x - 1. Suppose -2*h = 2*b + 3*b + 10, 3 = 3*h + 3*b. Determine y(h).
-7
Let k = 2 + -6. Let t(j) = 9*j + 14. Let n(d) = -5*d - 7. Let v(x) = k*t(x) - 7*n(x). Give v(-5).
-2
Let b(j) be the second derivative of -j**4/12 + j**3/6 - 3*j**2/2 - 2*j + 21. Suppose 0 = -8*u + 3*u. Calculate b(u).
-3
Let i(u) be the second derivative of u**5/60 + u**4/12 - 5*u**3/6 - 2*u**2 - 3*u. Let m(r) be the first derivative of i(r). What is m(-4)?
3
Let i(q) = -76*q + 7 + 77*q - 3. What is i(-8)?
-4
Let c(z) be the first derivative of z**4/4 - 2*z**3/3 + 3*z**2/2 - 3*z + 11. What is c(3)?
15
Let k = 13 + -1. Suppose u - 4*u = k. Let f(g) = -g**2 - 3*g - 1. Determine f(u).
-5
Let m(z) = z**3 + 7*z**2 + 8*z + 2. Let l be m(-6). Let s be (-4)/20 - (-28)/l. Let w(y) = -y**3 - 3*y**2 + 3*y - 1. Determine w(s).
-10
Let u be ((-1)/2)/(1/(-10)). Let k(l) be the second derivative of l**3/6 - 5*l**2/2 - 159*l. Give k(u).
0
Let f be (30/(-4))/(3/20). Let g be (-29)/(-5) - 10/f. Let y(u) = -u**2 + 7*u - 6. What is y(g)?
0
Let u = -68 - -72. Let d(z) = 5*z - 4. Calculate d(u).
16
Let r(v) = 15*v + 8 - 27*v + 11*v. Determine r(5).
3
Let g(c) = 6*c**2 + 3*c - 6. Let t(j) = 4*j**2 + 4*j - 7. Let z(b) = -6*g(b) + 5*t(b). Give z(-1).
-17
Suppose 0 = 3*q + 2*m - 21, 6*q - 9 = 3*q + 2*m. Let b(g) = g**2 - 6*g - 6. Determine b(q).
-11
Let n be 32/6 + 2/(-6). Let f(v) = -25*v. Let t(d) = 4*d + 1. Let o(a) = f(a) + 6*t(a). Calculate o(n).
1
Let a(b) = b**2 + 4*b + 1. Let z(x) = 2*x**2 - 5*x + 2. Let y be z(3). Let s be ((-4)/y)/((-2)/(-10)). What is a(s)?
1
Let u(z) be the second derivative of z**5/20 + z**4/6 - z**3/2 - z**2/2 + 11*z. Determine u(-3).
-1
Let h(f) = -f**3 + f**2 + f. Let i be 6 - (-1)/(3/9). Suppose -4*w = -i*w. Determine h(w).
0
Let i(g) = -g**3 - 2*g**2 + 3*g - 2. Let x(q) = q**2 - 10*q - 14. Let v(w) = -w**2 + 14*w - 2. Let l be v(13). Let f be x(l). Determine i(f).
-2
Let u(w) = w + 7. Let x be u(-6). Let j(a) = a**3 - a**3 - a**3 - a**2 + 1 + 0*a**3. What is j(x)?
-1
Let n = -7 + 3. Let t = n - -5. Let i(x) = 9*x - 1. Determine i(t).
8
Suppose 6 = -5*a + 16. Let s be (3*-1*1)/(-1). Let b(o) = -2*o + 1 + o**2 + a*o + o**s - o. Give b(0).
1
Let v(h) be the first derivative of -3*h**2/2 - 3. Let f(a) = -a**2 - 7 - 2*a - 2*a + 2*a**2. Let o be f(5). What is v(o)?
6
Let b = -9 + 4. Let u(x) = x**3 + 6*x**2 + 8*x + 6. What is u(b)?
-9
Let f(q) be the third derivative of -q**5/60 + q**3/3 - 2*q**2. Give f(0).
2
Let z(w) = w**3 - 2*w**2 - 3*w - 2. Suppose 2*u - 196 = -5*i + 25, -223 = -5*i - u. Suppose i = t + 4*t. Let d = -6 + t. What is z(d)?
-2
Let y(c) = c + 1. Let n be y(5). Let t(f) = 2*f + 9. Let v(g) = -3*g - 10. Let w(a) = -4*t(a) - 3*v(a). What is w(n)?
0
Let d(h) be the first derivative of -h**5/60 + h**4/6 + 2*h**3/3 + h**2 + 2. Let l(f) be the second derivative of d(f). Give l(5).
-1
Suppose -5 = y - 3*t, -3*y - 2 = 2*t + 2. Let s(b) be the second derivative of b**4/6 - b**3/2 - 3*b**2/2 + 58*b. Give s(y).
11
Let j(f) = -f + 1. Suppose -6 = 5*s - 3*s. Determine j(s).
4
Let w(n) be the first derivative of -n**2/2 + n - 1. Suppose 6*h + 28 = 4*h. Let b = 9 + h. What is w(b)?
6
Let x be 1/(-2) - 10/(-15). Let c(b) be the third derivative of -1/12*b**4 - x*b**3 + 0 + 0*b + 3*b**2 - 1/60*b**5. What is c(-3)?
-4
Let i(n) = -n**3 + 4*n**2 + 4*n + 2. Let q be (-3)/(-6)*(-10)/(-1). Calculate i(q).
-3
Let u(b) = b - 1. Let n = 17 - 10. Let p(f) = -f**3 + 6*f**2 + 7*f + 5. Let w be p(n). Suppose -5*i - 13 = 3*g, 2*g - w*i = -3*i + 2. What is u(g)?
-2
Let n(k) = -k + 12. Let r(t) = t**3 - 4*t**2 + 5. Let z be r(4). Suppose -15 = -2*w - z. Calculate n(w).
7
Let s be 4/(-8) + 13/2. Suppose -5*a = -3*a - s. Let i(n) = -n**2 + 4*n - 1. Calculate i(a).
2
Let d(y) = y**3 - 3*y**2 - 3*y - 4. Let p be (-21)/(-28) + (-1)/(-4). Suppose o - 5 = -p. Calculate d(o).
0
Let o(g) = -g**3 - 9*g**2 + 11*g + 14. Let z be o(-10). Suppose -z*j + 3 + 5 = 0. Let h be (-5)/10 + (-9)/j. Let f(b) = -b**2 - 4*b + 2. Determine f(h).
-3
Let o(h) = 16*h - 5. Let